{"id":63,"date":"2024-04-05T13:22:06","date_gmt":"2024-04-05T16:22:06","guid":{"rendered":"https:\/\/ead2024.aulasninja.com\/?page_id=63"},"modified":"2026-02-26T19:54:07","modified_gmt":"2026-02-26T22:54:07","slug":"home","status":"publish","type":"page","link":"https:\/\/escolademusicatodosemlouvor.shop\/home\/","title":{"rendered":"Home"},"content":{"rendered":"\t\t<div data-elementor-type=\"wp-page\" data-elementor-id=\"63\" class=\"elementor elementor-63\" data-elementor-post-type=\"page\">\n\t\t\t\t<div class=\"elementor-element elementor-element-2fef243 e-flex e-con-boxed e-con e-parent\" data-id=\"2fef243\" data-element_type=\"container\" data-e-type=\"container\" data-settings=\"{&quot;background_background&quot;:&quot;classic&quot;}\">\n\t\t\t\t\t<div class=\"e-con-inner\">\n\t\t<div class=\"elementor-element elementor-element-2d36c4b e-con-full e-flex e-con e-child\" data-id=\"2d36c4b\" data-element_type=\"container\" data-e-type=\"container\">\n\t\t\t\t<div class=\"elementor-element elementor-element-b6ee0e3 elementor-widget__width-auto elementor-widget elementor-widget-heading\" data-id=\"b6ee0e3\" data-element_type=\"widget\" data-e-type=\"widget\" data-widget_type=\"heading.default\">\n\t\t\t\t<div class=\"elementor-widget-container\">\n\t\t\t\t\t<span class=\"elementor-heading-title elementor-size-default\">TRANSFORMANDO VIDAS ATRAV\u00c9S DA M\u00daSICA<\/span>\t\t\t\t<\/div>\n\t\t\t\t<\/div>\n\t\t\t\t<div class=\"elementor-element elementor-element-e092e49 elementor-widget elementor-widget-heading\" data-id=\"e092e49\" data-element_type=\"widget\" data-e-type=\"widget\" data-widget_type=\"heading.default\">\n\t\t\t\t<div class=\"elementor-widget-container\">\n\t\t\t\t\t<h1 class=\"elementor-heading-title elementor-size-default\">Comece Sua Jornada de Aprendizado Conosco<\/h1>\t\t\t\t<\/div>\n\t\t\t\t<\/div>\n\t\t\t\t<div class=\"elementor-element elementor-element-622de00 elementor-widget elementor-widget-heading\" data-id=\"622de00\" data-element_type=\"widget\" data-e-type=\"widget\" data-widget_type=\"heading.default\">\n\t\t\t\t<div class=\"elementor-widget-container\">\n\t\t\t\t\t<h2 class=\"elementor-heading-title elementor-size-default\">Aqui seu sonho de aprender m\u00fasica vira realidade!<\/h2>\t\t\t\t<\/div>\n\t\t\t\t<\/div>\n\t\t\t\t<div class=\"elementor-element elementor-element-f89bbc3 elementor-align-center elementor-widget__width-initial elementor-widget elementor-widget-button\" data-id=\"f89bbc3\" data-element_type=\"widget\" data-e-type=\"widget\" data-widget_type=\"button.default\">\n\t\t\t\t<div class=\"elementor-widget-container\">\n\t\t\t\t\t\t\t\t\t<div class=\"elementor-button-wrapper\">\n\t\t\t\t\t<a class=\"elementor-button elementor-button-link elementor-size-sm\" href=\"https:\/\/escolademusicatodosemlouvor.shop\/home\/todos-os-cursos\/\">\n\t\t\t\t\t\t<span class=\"elementor-button-content-wrapper\">\n\t\t\t\t\t\t\t\t\t<span class=\"elementor-button-text\">Ver todos os cursos<\/span>\n\t\t\t\t\t<\/span>\n\t\t\t\t\t<\/a>\n\t\t\t\t<\/div>\n\t\t\t\t\t\t\t\t<\/div>\n\t\t\t\t<\/div>\n\t\t\t\t<div class=\"elementor-element elementor-element-e8f296a elementor-widget elementor-widget-heading\" data-id=\"e8f296a\" data-element_type=\"widget\" data-e-type=\"widget\" data-widget_type=\"heading.default\">\n\t\t\t\t<div class=\"elementor-widget-container\">\n\t\t\t\t\t<span class=\"elementor-heading-title elementor-size-default\">NO SEU RITMO<\/span>\t\t\t\t<\/div>\n\t\t\t\t<\/div>\n\t\t\t\t<div class=\"elementor-element elementor-element-74b8ce6 elementor-widget elementor-widget-heading\" data-id=\"74b8ce6\" data-element_type=\"widget\" data-e-type=\"widget\" data-widget_type=\"heading.default\">\n\t\t\t\t<div class=\"elementor-widget-container\">\n\t\t\t\t\t<span class=\"elementor-heading-title elementor-size-default\">SUPORTE ESPECIALIZADO<\/span>\t\t\t\t<\/div>\n\t\t\t\t<\/div>\n\t\t\t\t<div class=\"elementor-element elementor-element-fca7741 elementor-widget elementor-widget-heading\" data-id=\"fca7741\" data-element_type=\"widget\" data-e-type=\"widget\" data-widget_type=\"heading.default\">\n\t\t\t\t<div class=\"elementor-widget-container\">\n\t\t\t\t\t<span class=\"elementor-heading-title elementor-size-default\">100% ATUALIZADO<\/span>\t\t\t\t<\/div>\n\t\t\t\t<\/div>\n\t\t\t\t<\/div>\n\t\t\t\t<div class=\"elementor-element elementor-element-dcd506e elementor-widget__width-initial elementor-widget elementor-widget-image\" data-id=\"dcd506e\" data-element_type=\"widget\" data-e-type=\"widget\" data-widget_type=\"image.default\">\n\t\t\t\t<div class=\"elementor-widget-container\">\n\t\t\t\t\t\t\t\t\t\t\t\t\t\t\t<img fetchpriority=\"high\" decoding=\"async\" width=\"783\" height=\"522\" src=\"https:\/\/escolademusicatodosemlouvor.shop\/wp-content\/uploads\/2026\/02\/banner-desktop2.png\" class=\"attachment-large size-large wp-image-222\" alt=\"\" srcset=\"https:\/\/escolademusicatodosemlouvor.shop\/wp-content\/uploads\/2026\/02\/banner-desktop2.png 783w, https:\/\/escolademusicatodosemlouvor.shop\/wp-content\/uploads\/2026\/02\/banner-desktop2-300x200.png 300w, https:\/\/escolademusicatodosemlouvor.shop\/wp-content\/uploads\/2026\/02\/banner-desktop2-768x512.png 768w, https:\/\/escolademusicatodosemlouvor.shop\/wp-content\/uploads\/2026\/02\/banner-desktop2-18x12.png 18w, https:\/\/escolademusicatodosemlouvor.shop\/wp-content\/uploads\/2026\/02\/banner-desktop2-600x400.png 600w\" sizes=\"(max-width: 783px) 100vw, 783px\" \/>\t\t\t\t\t\t\t\t\t\t\t\t\t\t\t<\/div>\n\t\t\t\t<\/div>\n\t\t\t\t\t<\/div>\n\t\t\t\t<\/div>\n\t\t<div class=\"elementor-element elementor-element-7d42e16 e-con-full e-flex e-con e-parent\" data-id=\"7d42e16\" data-element_type=\"container\" data-e-type=\"container\">\n\t\t\t\t<div class=\"elementor-element elementor-element-8b615b3 elementor-widget elementor-widget-image-carousel\" data-id=\"8b615b3\" data-element_type=\"widget\" data-e-type=\"widget\" data-settings=\"{&quot;slides_to_show&quot;:&quot;5&quot;,&quot;navigation&quot;:&quot;none&quot;,&quot;autoplay_speed&quot;:0,&quot;speed&quot;:4000,&quot;slides_to_show_laptop&quot;:&quot;4&quot;,&quot;slides_to_show_tablet&quot;:&quot;2&quot;,&quot;slides_to_show_mobile&quot;:&quot;2&quot;,&quot;autoplay&quot;:&quot;yes&quot;,&quot;infinite&quot;:&quot;yes&quot;,&quot;image_spacing_custom&quot;:{&quot;unit&quot;:&quot;px&quot;,&quot;size&quot;:20,&quot;sizes&quot;:[]},&quot;image_spacing_custom_widescreen&quot;:{&quot;unit&quot;:&quot;px&quot;,&quot;size&quot;:&quot;&quot;,&quot;sizes&quot;:[]},&quot;image_spacing_custom_laptop&quot;:{&quot;unit&quot;:&quot;px&quot;,&quot;size&quot;:&quot;&quot;,&quot;sizes&quot;:[]},&quot;image_spacing_custom_tablet&quot;:{&quot;unit&quot;:&quot;px&quot;,&quot;size&quot;:&quot;&quot;,&quot;sizes&quot;:[]},&quot;image_spacing_custom_mobile&quot;:{&quot;unit&quot;:&quot;px&quot;,&quot;size&quot;:&quot;&quot;,&quot;sizes&quot;:[]}}\" data-widget_type=\"image-carousel.default\">\n\t\t\t\t<div class=\"elementor-widget-container\">\n\t\t\t\t\t\t\t<div class=\"elementor-image-carousel-wrapper swiper\" role=\"region\" aria-roledescription=\"carousel\" aria-label=\"Carrossel de imagens\" dir=\"ltr\">\n\t\t\t<div class=\"elementor-image-carousel swiper-wrapper\" aria-live=\"off\">\n\t\t\t\t\t\t\t\t<div class=\"swiper-slide\" role=\"group\" aria-roledescription=\"slide\" aria-label=\"1 de 8\"><figure class=\"swiper-slide-inner\"><img decoding=\"async\" class=\"swiper-slide-image\" src=\"https:\/\/escolademusicatodosemlouvor.shop\/wp-content\/uploads\/2026\/02\/imagens-curso_0006_30451-2.jpg\" alt=\"imagens-curso_0006_30451\" \/><\/figure><\/div><div class=\"swiper-slide\" role=\"group\" aria-roledescription=\"slide\" aria-label=\"2 de 8\"><figure class=\"swiper-slide-inner\"><img decoding=\"async\" class=\"swiper-slide-image\" src=\"https:\/\/escolademusicatodosemlouvor.shop\/wp-content\/uploads\/2026\/02\/imagens-curso_0014_4173iiyu7-1.jpg\" alt=\"imagens-curso_0014_4173iiyu7\" \/><\/figure><\/div><div class=\"swiper-slide\" role=\"group\" aria-roledescription=\"slide\" aria-label=\"3 de 8\"><figure class=\"swiper-slide-inner\"><img decoding=\"async\" class=\"swiper-slide-image\" src=\"https:\/\/escolademusicatodosemlouvor.shop\/wp-content\/uploads\/2026\/02\/imagens-curso_0014_41737e-1.jpg\" alt=\"imagens-curso_0014_41737e\" \/><\/figure><\/div><div class=\"swiper-slide\" role=\"group\" aria-roledescription=\"slide\" aria-label=\"4 de 8\"><figure class=\"swiper-slide-inner\"><img decoding=\"async\" class=\"swiper-slide-image\" src=\"https:\/\/escolademusicatodosemlouvor.shop\/wp-content\/uploads\/2026\/02\/imagens-curso_0014_41737ipuouyo-1.jpg\" alt=\"imagens-curso_0014_41737ipuouyo\" \/><\/figure><\/div><div class=\"swiper-slide\" role=\"group\" aria-roledescription=\"slide\" aria-label=\"5 de 8\"><figure class=\"swiper-slide-inner\"><img decoding=\"async\" class=\"swiper-slide-image\" src=\"https:\/\/escolademusicatodosemlouvor.shop\/wp-content\/uploads\/2026\/02\/imagens-curso_0014_41737qqaa-1.jpg\" alt=\"imagens-curso_0014_41737qqaa\" \/><\/figure><\/div><div class=\"swiper-slide\" role=\"group\" aria-roledescription=\"slide\" aria-label=\"6 de 8\"><figure class=\"swiper-slide-inner\"><img decoding=\"async\" class=\"swiper-slide-image\" src=\"https:\/\/escolademusicatodosemlouvor.shop\/wp-content\/uploads\/2026\/02\/imagens-curso_0014_41737rere-1.jpg\" alt=\"imagens-curso_0014_41737rere\" \/><\/figure><\/div><div class=\"swiper-slide\" role=\"group\" aria-roledescription=\"slide\" aria-label=\"7 de 8\"><figure class=\"swiper-slide-inner\"><img decoding=\"async\" class=\"swiper-slide-image\" src=\"https:\/\/escolademusicatodosemlouvor.shop\/wp-content\/uploads\/2026\/02\/imagens-curso_0014_41737rr-1.jpg\" alt=\"imagens-curso_0014_41737rr\" \/><\/figure><\/div><div class=\"swiper-slide\" role=\"group\" aria-roledescription=\"slide\" aria-label=\"8 de 8\"><figure class=\"swiper-slide-inner\"><img decoding=\"async\" class=\"swiper-slide-image\" src=\"https:\/\/escolademusicatodosemlouvor.shop\/wp-content\/uploads\/2026\/02\/imagens-curso_0014_41737yrd-1.jpg\" alt=\"imagens-curso_0014_41737yrd\" \/><\/figure><\/div>\t\t\t<\/div>\n\t\t\t\t\t\t\t\n\t\t\t\t\t\t\t\t\t<\/div>\n\t\t\t\t\t\t<\/div>\n\t\t\t\t<\/div>\n\t\t\t\t<\/div>\n\t\t<div class=\"elementor-element elementor-element-9415e7d e-flex e-con-boxed e-con e-parent\" data-id=\"9415e7d\" data-element_type=\"container\" data-e-type=\"container\">\n\t\t\t\t\t<div class=\"e-con-inner\">\n\t\t\t\t<div class=\"elementor-element elementor-element-9a45abb elementor-widget elementor-widget-heading\" data-id=\"9a45abb\" data-element_type=\"widget\" data-e-type=\"widget\" data-widget_type=\"heading.default\">\n\t\t\t\t<div class=\"elementor-widget-container\">\n\t\t\t\t\t<h2 class=\"elementor-heading-title elementor-size-default\">Nossos cursos<\/h2>\t\t\t\t<\/div>\n\t\t\t\t<\/div>\n\t\t\t\t<div class=\"elementor-element elementor-element-e632943 elementor-align-center elementor-widget__width-initial elementor-widget elementor-widget-button\" data-id=\"e632943\" data-element_type=\"widget\" data-e-type=\"widget\" data-widget_type=\"button.default\">\n\t\t\t\t<div class=\"elementor-widget-container\">\n\t\t\t\t\t\t\t\t\t<div class=\"elementor-button-wrapper\">\n\t\t\t\t\t<a class=\"elementor-button elementor-button-link elementor-size-sm\" href=\"https:\/\/escolademusicatodosemlouvor.shop\/home\/todos-os-cursos\/\">\n\t\t\t\t\t\t<span class=\"elementor-button-content-wrapper\">\n\t\t\t\t\t\t\t\t\t<span class=\"elementor-button-text\">Ver todos os cursos<\/span>\n\t\t\t\t\t<\/span>\n\t\t\t\t\t<\/a>\n\t\t\t\t<\/div>\n\t\t\t\t\t\t\t\t<\/div>\n\t\t\t\t<\/div>\n\t\t\t\t\t<\/div>\n\t\t\t\t<\/div>\n\t\t<div class=\"elementor-element elementor-element-0fe5065 e-flex e-con-boxed e-con e-parent\" data-id=\"0fe5065\" data-element_type=\"container\" data-e-type=\"container\">\n\t\t\t\t\t<div class=\"e-con-inner\">\n\t\t\t\t<div class=\"elementor-element elementor-element-e1cf3d8 elementor-widget elementor-widget-heading\" data-id=\"e1cf3d8\" data-element_type=\"widget\" data-e-type=\"widget\" data-widget_type=\"heading.default\">\n\t\t\t\t<div class=\"elementor-widget-container\">\n\t\t\t\t\t<h2 class=\"elementor-heading-title elementor-size-default\">Ingresso 2026.1\n<\/h2>\t\t\t\t<\/div>\n\t\t\t\t<\/div>\n\t\t\t\t<div class=\"elementor-element elementor-element-7c8ff55 elementor-widget elementor-widget-heading\" data-id=\"7c8ff55\" data-element_type=\"widget\" data-e-type=\"widget\" data-widget_type=\"heading.default\">\n\t\t\t\t<div class=\"elementor-widget-container\">\n\t\t\t\t\t<h4 class=\"elementor-heading-title elementor-size-default\">Clique na melhor op\u00e7\u00e3o para voc\u00ea!\n<\/h4>\t\t\t\t<\/div>\n\t\t\t\t<\/div>\n\t\t<div class=\"elementor-element elementor-element-0a0bce9 e-flex e-con-boxed e-con e-child\" data-id=\"0a0bce9\" data-element_type=\"container\" data-e-type=\"container\" data-settings=\"{&quot;background_background&quot;:&quot;classic&quot;,&quot;sticky&quot;:&quot;top&quot;,&quot;sticky_parent&quot;:&quot;yes&quot;,&quot;sticky_on&quot;:[&quot;widescreen&quot;,&quot;desktop&quot;,&quot;laptop&quot;,&quot;tablet&quot;,&quot;mobile&quot;],&quot;sticky_offset&quot;:0,&quot;sticky_effects_offset&quot;:0,&quot;sticky_anchor_link_offset&quot;:0}\">\n\t\t\t\t\t<div class=\"e-con-inner\">\n\t\t<div class=\"elementor-element elementor-element-6a5607b e-con-full e-flex e-con e-child\" data-id=\"6a5607b\" data-element_type=\"container\" data-e-type=\"container\">\n\t\t\t\t<div class=\"elementor-element elementor-element-fb64730 elementor-widget elementor-widget-heading\" data-id=\"fb64730\" data-element_type=\"widget\" data-e-type=\"widget\" data-widget_type=\"heading.default\">\n\t\t\t\t<div class=\"elementor-widget-container\">\n\t\t\t\t\t<h2 class=\"elementor-heading-title elementor-size-default\">Alunos Novos Matr\u00edcula<\/h2>\t\t\t\t<\/div>\n\t\t\t\t<\/div>\n\t\t\t\t<div class=\"elementor-element elementor-element-387a1ba elementor-widget elementor-widget-heading\" data-id=\"387a1ba\" data-element_type=\"widget\" data-e-type=\"widget\" data-widget_type=\"heading.default\">\n\t\t\t\t<div class=\"elementor-widget-container\">\n\t\t\t\t\t<p class=\"elementor-heading-title elementor-size-default\"><a href=\"https:\/\/escolademusicatodosemlouvor.shop\/matricula-de-alunos-novos\/\" target=\"_blank\">- Quem est\u00e1 se matriculando pela primeira vez;\n- Quem j\u00e1 foi aluno, mas parou e agora deseja retornar:\n- Quem j\u00e1 \u00e9 aluno de um instrumento, mas quer iniciar um segundo curso.\n\n(CLIQUE)<\/a><\/p>\t\t\t\t<\/div>\n\t\t\t\t<\/div>\n\t\t\t\t<\/div>\n\t\t\t\t<div class=\"elementor-element elementor-element-d01fd36 elementor-widget__width-initial elementor-widget elementor-widget-image\" data-id=\"d01fd36\" data-element_type=\"widget\" data-e-type=\"widget\" data-widget_type=\"image.default\">\n\t\t\t\t<div class=\"elementor-widget-container\">\n\t\t\t\t\t\t\t\t\t\t\t\t\t\t\t\t<a href=\"https:\/\/escolademusicatodosemlouvor.shop\/matricula-de-alunos-novos\/\" target=\"_blank\">\n\t\t\t\t\t\t\t<img decoding=\"async\" width=\"720\" height=\"400\" src=\"https:\/\/escolademusicatodosemlouvor.shop\/wp-content\/uploads\/2026\/02\/imagens-curso_0014_41737qqaa-1.jpg\" class=\"attachment-large size-large wp-image-276\" alt=\"\" srcset=\"https:\/\/escolademusicatodosemlouvor.shop\/wp-content\/uploads\/2026\/02\/imagens-curso_0014_41737qqaa-1.jpg 720w, https:\/\/escolademusicatodosemlouvor.shop\/wp-content\/uploads\/2026\/02\/imagens-curso_0014_41737qqaa-1-300x167.jpg 300w, https:\/\/escolademusicatodosemlouvor.shop\/wp-content\/uploads\/2026\/02\/imagens-curso_0014_41737qqaa-1-18x10.jpg 18w, https:\/\/escolademusicatodosemlouvor.shop\/wp-content\/uploads\/2026\/02\/imagens-curso_0014_41737qqaa-1-160x90.jpg 160w, https:\/\/escolademusicatodosemlouvor.shop\/wp-content\/uploads\/2026\/02\/imagens-curso_0014_41737qqaa-1-600x333.jpg 600w\" sizes=\"(max-width: 720px) 100vw, 720px\" \/>\t\t\t\t\t\t\t\t<\/a>\n\t\t\t\t\t\t\t\t\t\t\t\t\t\t\t<\/div>\n\t\t\t\t<\/div>\n\t\t\t\t\t<\/div>\n\t\t\t\t<\/div>\n\t\t<div class=\"elementor-element elementor-element-0d04a27 e-flex e-con-boxed e-con e-child\" data-id=\"0d04a27\" data-element_type=\"container\" data-e-type=\"container\" data-settings=\"{&quot;background_background&quot;:&quot;classic&quot;,&quot;sticky&quot;:&quot;top&quot;,&quot;sticky_offset&quot;:80,&quot;sticky_parent&quot;:&quot;yes&quot;,&quot;sticky_on&quot;:[&quot;widescreen&quot;,&quot;desktop&quot;,&quot;laptop&quot;,&quot;tablet&quot;,&quot;mobile&quot;],&quot;sticky_effects_offset&quot;:0,&quot;sticky_anchor_link_offset&quot;:0}\">\n\t\t\t\t\t<div class=\"e-con-inner\">\n\t\t<div class=\"elementor-element elementor-element-322209c e-con-full e-flex e-con e-child\" data-id=\"322209c\" data-element_type=\"container\" data-e-type=\"container\">\n\t\t\t\t<div class=\"elementor-element elementor-element-422472f elementor-widget elementor-widget-heading\" data-id=\"422472f\" data-element_type=\"widget\" data-e-type=\"widget\" data-widget_type=\"heading.default\">\n\t\t\t\t<div class=\"elementor-widget-container\">\n\t\t\t\t\t<h2 class=\"elementor-heading-title elementor-size-default\">Rematr\u00edcula<\/h2>\t\t\t\t<\/div>\n\t\t\t\t<\/div>\n\t\t\t\t<div class=\"elementor-element elementor-element-ddd5c95 elementor-widget elementor-widget-heading\" data-id=\"ddd5c95\" data-element_type=\"widget\" data-e-type=\"widget\" data-widget_type=\"heading.default\">\n\t\t\t\t<div class=\"elementor-widget-container\">\n\t\t\t\t\t<p class=\"elementor-heading-title elementor-size-default\"><a href=\"https:\/\/escolademusicatodosemlouvor.shop\/rematricula\/\" target=\"_blank\">Essa \u00e9 a op\u00e7\u00e3o para alunos que conclu\u00edram o semestre anterior e v\u00e3o dar continuidade no mesmo curso agora em 2026.1. Se esse \u00e9 o seu caso, \u00e9 s\u00f3 garantir sua vaga e seguir firme na caminhada musical com a gente! \n(CLIQUE)<\/a><\/p>\t\t\t\t<\/div>\n\t\t\t\t<\/div>\n\t\t\t\t<\/div>\n\t\t\t\t<div class=\"elementor-element elementor-element-ac1e5a6 elementor-widget__width-initial elementor-widget elementor-widget-image\" data-id=\"ac1e5a6\" data-element_type=\"widget\" data-e-type=\"widget\" data-widget_type=\"image.default\">\n\t\t\t\t<div class=\"elementor-widget-container\">\n\t\t\t\t\t\t\t\t\t\t\t\t\t\t\t\t<a href=\"https:\/\/escolademusicatodosemlouvor.shop\/rematricula\/\" target=\"_blank\">\n\t\t\t\t\t\t\t<img decoding=\"async\" width=\"720\" height=\"400\" src=\"https:\/\/escolademusicatodosemlouvor.shop\/wp-content\/uploads\/2026\/02\/imagens-curso_0014_41737ipuouyo-1.jpg\" class=\"attachment-large size-large wp-image-275\" alt=\"\" srcset=\"https:\/\/escolademusicatodosemlouvor.shop\/wp-content\/uploads\/2026\/02\/imagens-curso_0014_41737ipuouyo-1.jpg 720w, https:\/\/escolademusicatodosemlouvor.shop\/wp-content\/uploads\/2026\/02\/imagens-curso_0014_41737ipuouyo-1-300x167.jpg 300w, https:\/\/escolademusicatodosemlouvor.shop\/wp-content\/uploads\/2026\/02\/imagens-curso_0014_41737ipuouyo-1-18x10.jpg 18w, https:\/\/escolademusicatodosemlouvor.shop\/wp-content\/uploads\/2026\/02\/imagens-curso_0014_41737ipuouyo-1-160x90.jpg 160w, https:\/\/escolademusicatodosemlouvor.shop\/wp-content\/uploads\/2026\/02\/imagens-curso_0014_41737ipuouyo-1-600x333.jpg 600w\" sizes=\"(max-width: 720px) 100vw, 720px\" \/>\t\t\t\t\t\t\t\t<\/a>\n\t\t\t\t\t\t\t\t\t\t\t\t\t\t\t<\/div>\n\t\t\t\t<\/div>\n\t\t\t\t\t<\/div>\n\t\t\t\t<\/div>\n\t\t<div class=\"elementor-element elementor-element-e128f61 e-flex e-con-boxed e-con e-child\" data-id=\"e128f61\" data-element_type=\"container\" data-e-type=\"container\" data-settings=\"{&quot;background_background&quot;:&quot;classic&quot;,&quot;sticky&quot;:&quot;top&quot;,&quot;sticky_offset&quot;:160,&quot;sticky_parent&quot;:&quot;yes&quot;,&quot;sticky_on&quot;:[&quot;widescreen&quot;,&quot;desktop&quot;,&quot;laptop&quot;,&quot;tablet&quot;,&quot;mobile&quot;],&quot;sticky_effects_offset&quot;:0,&quot;sticky_anchor_link_offset&quot;:0}\">\n\t\t\t\t\t<div class=\"e-con-inner\">\n\t\t<div class=\"elementor-element elementor-element-c1b722c e-con-full e-flex e-con e-child\" data-id=\"c1b722c\" data-element_type=\"container\" data-e-type=\"container\">\n\t\t\t\t<div class=\"elementor-element elementor-element-c88017d elementor-widget elementor-widget-heading\" data-id=\"c88017d\" data-element_type=\"widget\" data-e-type=\"widget\" data-widget_type=\"heading.default\">\n\t\t\t\t<div class=\"elementor-widget-container\">\n\t\t\t\t\t<h2 class=\"elementor-heading-title elementor-size-default\">Audi\u00e7\u00e3o para Orquestra<\/h2>\t\t\t\t<\/div>\n\t\t\t\t<\/div>\n\t\t\t\t<div class=\"elementor-element elementor-element-0f79f20 elementor-widget elementor-widget-heading\" data-id=\"0f79f20\" data-element_type=\"widget\" data-e-type=\"widget\" data-widget_type=\"heading.default\">\n\t\t\t\t<div class=\"elementor-widget-container\">\n\t\t\t\t\t<p class=\"elementor-heading-title elementor-size-default\"><a href=\"https:\/\/escolademusicatodosemlouvor.shop\/home\/audicao-da-orquestra-semestre-2026-1\/\" target=\"_blank\">Se voc\u00ea j\u00e1 toca um instrumento e sonha em integrar um grupo musical, participe da audi\u00e7\u00e3o para a nossa orquestra! Essa \u00e9 sua chance de somar seu talento ao nosso projeto e viver experi\u00eancias incr\u00edveis com outros m\u00fasicos.\n(CLIQUE)<\/a><\/p>\t\t\t\t<\/div>\n\t\t\t\t<\/div>\n\t\t\t\t<\/div>\n\t\t\t\t<div class=\"elementor-element elementor-element-e654204 elementor-widget__width-initial elementor-widget elementor-widget-image\" data-id=\"e654204\" data-element_type=\"widget\" data-e-type=\"widget\" data-widget_type=\"image.default\">\n\t\t\t\t<div class=\"elementor-widget-container\">\n\t\t\t\t\t\t\t\t\t\t\t\t\t\t\t\t<a href=\"https:\/\/escolademusicatodosemlouvor.shop\/home\/audicao-da-orquestra-semestre-2026-1\/\" target=\"_blank\">\n\t\t\t\t\t\t\t<img loading=\"lazy\" decoding=\"async\" width=\"720\" height=\"400\" src=\"https:\/\/escolademusicatodosemlouvor.shop\/wp-content\/uploads\/2026\/02\/imagens-curso_0014_41737e-1.jpg\" class=\"attachment-large size-large wp-image-274\" alt=\"\" srcset=\"https:\/\/escolademusicatodosemlouvor.shop\/wp-content\/uploads\/2026\/02\/imagens-curso_0014_41737e-1.jpg 720w, https:\/\/escolademusicatodosemlouvor.shop\/wp-content\/uploads\/2026\/02\/imagens-curso_0014_41737e-1-300x167.jpg 300w, https:\/\/escolademusicatodosemlouvor.shop\/wp-content\/uploads\/2026\/02\/imagens-curso_0014_41737e-1-18x10.jpg 18w, https:\/\/escolademusicatodosemlouvor.shop\/wp-content\/uploads\/2026\/02\/imagens-curso_0014_41737e-1-160x90.jpg 160w, https:\/\/escolademusicatodosemlouvor.shop\/wp-content\/uploads\/2026\/02\/imagens-curso_0014_41737e-1-600x333.jpg 600w\" sizes=\"(max-width: 720px) 100vw, 720px\" \/>\t\t\t\t\t\t\t\t<\/a>\n\t\t\t\t\t\t\t\t\t\t\t\t\t\t\t<\/div>\n\t\t\t\t<\/div>\n\t\t\t\t\t<\/div>\n\t\t\t\t<\/div>\n\t\t\t\t\t<\/div>\n\t\t\t\t<\/div>\n\t\t\t\t<\/div>\n\t\t","protected":false},"excerpt":{"rendered":"<p>TRANSFORMANDO VIDAS ATRAV\u00c9S DA M\u00daSICA Comece Sua Jornada de Aprendizado Conosco Aqui seu sonho de aprender m\u00fasica vira<\/p>\n","protected":false},"author":3,"featured_media":0,"parent":0,"menu_order":0,"comment_status":"closed","ping_status":"closed","template":"elementor_header_footer","meta":{"_tutorstarter_page_metadata":[],"footnotes":""},"class_list":["post-63","page","type-page","status-publish","hentry"],"_hostinger_reach_plugin_has_subscription_block":false,"_hostinger_reach_plugin_is_elementor":false,"_links":{"self":[{"href":"https:\/\/escolademusicatodosemlouvor.shop\/home\/wp-json\/wp\/v2\/pages\/63","targetHints":{"allow":["GET"]}}],"collection":[{"href":"https:\/\/escolademusicatodosemlouvor.shop\/home\/wp-json\/wp\/v2\/pages"}],"about":[{"href":"https:\/\/escolademusicatodosemlouvor.shop\/home\/wp-json\/wp\/v2\/types\/page"}],"author":[{"embeddable":true,"href":"https:\/\/escolademusicatodosemlouvor.shop\/home\/wp-json\/wp\/v2\/users\/3"}],"replies":[{"embeddable":true,"href":"https:\/\/escolademusicatodosemlouvor.shop\/home\/wp-json\/wp\/v2\/comments?post=63"}],"version-history":[{"count":97,"href":"https:\/\/escolademusicatodosemlouvor.shop\/home\/wp-json\/wp\/v2\/pages\/63\/revisions"}],"predecessor-version":[{"id":366,"href":"https:\/\/escolademusicatodosemlouvor.shop\/home\/wp-json\/wp\/v2\/pages\/63\/revisions\/366"}],"wp:attachment":[{"href":"https:\/\/escolademusicatodosemlouvor.shop\/home\/wp-json\/wp\/v2\/media?parent=63"}],"curies":[{"name":"wp","href":"https:\/\/api.w.org\/{rel}","templated":true}]}}